{"id":1137,"date":"2014-03-08T12:19:24","date_gmt":"2014-03-08T11:19:24","guid":{"rendered":"http:\/\/www.fkmsm.ch\/labo\/wordpress\/?page_id=1137"},"modified":"2014-03-19T22:40:00","modified_gmt":"2014-03-19T21:40:00","slug":"nos-statuts","status":"publish","type":"page","link":"http:\/\/www.fkmsm.ch\/labo\/wordpress\/la-fkmsm\/nos-statuts","title":{"rendered":"Nos statuts"},"content":{"rendered":"<p align=\"center\"><strong>Pour des raisons administratives, <\/strong><strong>l&#8217;E.C.M.S.E.<\/strong><strong> porte un statut d&#8217;association en Suisse.<\/strong><\/p>\n<p><strong>ART. 1. NOM<\/strong><br \/>\nSous le nom de <strong><em>Communaut\u00e9 Chr\u00e9tienne Malagasy En Suisse et Environs<\/em><\/strong> (appel\u00e9e ci-apr\u00e8s La Communaut\u00e9), est constitu\u00e9e d&#8217;une association oecum\u00e9nique ind\u00e9pendante ouverte \u00e0 tous ceux qui croient en J\u00e9sus Christ, apolitique et \u00e0 but non lucratif, conform\u00e9ment aux art. 60 et suivants du code Civil Suisse.<\/p>\n<p><strong>ART. 2. BUTS<\/strong><br \/>\nSon but est d&#8217;assurer le rassemblement des Malgaches et leurs amis r\u00e9sidant en suisse et aux environs pour la c\u00e9l\u00e9bration de culte chr\u00e9tien, la communion fraternelle et l&#8217;organisation d&#8217;activit\u00e9s religieuses et culturelles.<\/p>\n<p><strong>ART. 3. SI\u00c8GE<\/strong><br \/>\nLe si\u00e8ge de la Communaut\u00e9 est \u00e0 Gen\u00e8ve. Sa dur\u00e9e est illimit\u00e9e.<\/p>\n<p><strong>ART. 4. MEMBRES<\/strong><br \/>\nPour devenir membre de la Communaut\u00e9 toute personne qui accepte le but de la Communaut\u00e9 et reconna\u00eet les pr\u00e9sents statuts.<\/p>\n<p><strong>ART. 5 ORGANE<\/strong><br \/>\nLes organes de la Communaut\u00e9 sont: l&#8217;Assembl\u00e9e G\u00e9n\u00e9rale et le Comit\u00e9.<\/p>\n<ul>\n<li>\n\t\t<strong>5.1. L\u2019Assembl\u00e9e G\u00e9n\u00e9rale<\/strong><br \/>\nL&#8217;Assembl\u00e9e G\u00e9n\u00e9rale est l&#8217;organe supr\u00eame de l&#8217;Association,<\/p>\n<p>a) Convocation<br \/>\nLes membres sont convoqu\u00e9s une fois par an par le Comit\u00e9 en Assembl\u00e9e G\u00e9n\u00e9rale ordinaire.<br \/>\nEn cas de n\u00e9cessit\u00e9, le comit\u00e9 peut convoquer une Assembl\u00e9e G\u00e9n\u00e9rale extraordinaire.<br \/>\nVingt cinq membres peuvent, au besoin, exiger la convocation d&#8217;une Assembl\u00e9e G\u00e9n\u00e9rale extraordinaire.<br \/>\nToute convocation doit \u00eatre adress\u00e9e dans un d\u00e9lai minimum de dix jours et doit \u00eatre accompagn\u00e9e de l&#8217;ordre du jour de l&#8217;assembl\u00e9e concern\u00e9e.<\/p>\n<p>b) Validit\u00e9<br \/>\nL&#8217;Assembl\u00e9e G\u00e9n\u00e9rale si\u00e8ge valablement si vingt cinq membres sont r\u00e9unis.<br \/>\nSi ce quorum n&#8217;est pas atteint, une nouvelle assembl\u00e9e g\u00e9n\u00e9rale est convoqu\u00e9e, qui si\u00e8ge valablement, quel que soit le nombre des membres pr\u00e9sents.<\/p>\n<p>c) Comp\u00e9tences<br \/>\nL&#8217;Assembl\u00e9e G\u00e9n\u00e9rale d\u00e9cide du R\u00e8glement Int\u00e9\u00adrieur de la Communaut\u00e9, sur proposition du Comit\u00e9.<br \/>\nElle \u00e9lit, \u00e0 la majorit\u00e9 absolue, le (la) pr\u00e9sident(e) et les autres membres, du Comit\u00e9 ainsi que leurs suppl\u00e9ants.<br \/>\nS\u2019il n&#8217;y a pas de candidats, au moins deux, pour la pr\u00e9sidence, l&#8217;assembl\u00e9e \u00e9lit le nouveau comit\u00e9 et c&#8217;est ce dernier qui nomme, lors de sa premi\u00e8re r\u00e9union, le bureau compos\u00e9 du (de la) pr\u00e9sident(e), du (de la) vice-pr\u00e9sident(e), du (de la) secr\u00e9taire-g\u00e9n\u00e9rale et du (de la) tr\u00e9sorier(e).<em> <\/em>[approuv\u00e9 par l\u2019assembl\u00e9e le 2 d\u00e9cembre 2001]<br \/>\nElle \u00e9lit deux v\u00e9rificateurs(trices) des Comptes.<br \/>\nElle re\u00e7oit les Rapports sur la bonne marche de la Communaut\u00e9.<br \/>\nElle approuve les Comptes et le Bilan de la Commu\u00adnaut\u00e9.<br \/>\nElle se prononce sur les autres points de l&#8217;ordre du jour.\n\t<\/li>\n<li><strong>5.2. Le Comit\u00e9<\/strong><br \/>\nLe Comit\u00e9 se compose d&#8217;au moins cinq membres, \u00e9lus pour deux ans, imm\u00e9diatement r\u00e9\u00e9ligibles.<br \/>\nEn cas de d\u00e9mission d&#8217;un membre du Comit\u00e9, il est fait appel \u00e0 son suppl\u00e9ant jusqu&#8217;\u00e0 la prochaine Assembl\u00e9e G\u00e9n\u00e9rale.<br \/>\nSit\u00f4t apr\u00e8s leur \u00e9lection, les membres du comit\u00e9 se r\u00e9partissent entre eux les t\u00e2ches \u00e0 assurer et d\u00e9signent \u00e0 cet effet: les Vice-pr\u00e9sident(e)s, le (la) Secr\u00e9taire et le (la) Tr\u00e9sorier(\u00e8re) de la Communaut\u00e9 et leurs \u00e9ventuels suppl\u00e9ants.<br \/>\nSous r\u00e9serve des pr\u00e9rogatives qui sont celles de l&#8217;Assembl\u00e9e G\u00e9n\u00e9rale, le comit\u00e9 veille \u00e0 la bonne mar\u00adche de la Communaut\u00e9.<br \/>\nIl veille \u00e0 l&#8217;application et au respect du R\u00e8glement int\u00e9rieur.<br \/>\nIl propose le programme annuel.<br \/>\nIl g\u00e8re les biens de la Communaut\u00e9.<br \/>\nIl pr\u00e9pare et convoque l&#8217;Assembl\u00e9e G\u00e9n\u00e9rale.<br \/>\nIl conserve les Archives de la Communaut\u00e9.<br \/>\n\n        <\/li>\n<li>\n<strong>5.3. Le (la) Pr\u00e9sident(e) <\/strong><br \/>\nLe (la) Pr\u00e9sident(e):<br \/>\n&#8211; pr\u00e9side l&#8217;Assembl\u00e9e G\u00e9n\u00e9rale annuelle<br \/>\n&#8211; pr\u00e9side les r\u00e9unions du Comit\u00e9<br \/>\n&#8211; repr\u00e9sente la Communaut\u00e9 dans ses relations avec des tiers.<\/li>\n<\/ul>\n<p><strong>ART. 6. ENGAGEMENTS FINANCIERS<\/strong><br \/>\nLa Communaut\u00e9 est engag\u00e9e financi\u00e8rement par les signatures conjointes du (de la) Tr\u00e9sorier(e) et du (de la) Pr\u00e9sident(e) ou d&#8217;un(e) des Vice-pr\u00e9sident(e)s.<\/p>\n<p><strong>ART. 7. RESSOURCES <\/strong><br \/>\nLes ressources de la Communaut\u00e9 se composent des dons, legs, collectes et produits des manifestations.<\/p>\n<p><strong>ART. 8. R\u00c9VISION DES STATUTS ET DISSOLUTION <\/strong><br \/>\nToute r\u00e9vision des statuts ou d\u00e9cision de dissolution requiert la majorit\u00e9 des deux tiers des pr\u00e9sents, lors de deux assembl\u00e9es s\u00e9par\u00e9es par un d\u00e9lai d&#8217;au moins un mois.<br \/>\nEn cas de dissolution, les biens de l&#8217;Association sont attribu\u00e9s \u00e0 une institution ou une oeuvre d\u00e9sign\u00e9e par la derni\u00e8re Assembl\u00e9e G\u00e9n\u00e9rale.<\/p>\n<p><strong>ART. 8. R\u00c8GLEMENT INT\u00c9RIEUR <\/strong><br \/>\nUn R\u00e8glement Int\u00e9rieur pr\u00e9cisera les modalit\u00e9s d&#8217;application des pr\u00e9sents statuts.<\/p>\n","protected":false},"excerpt":{"rendered":"<p>Pour des raisons administratives, l&#8217;E.C.M.S.E. porte un statut d&#8217;association en Suisse. ART. 1. NOM Sous le nom de Communaut\u00e9 Chr\u00e9tienne Malagasy En Suisse et Environs (appel\u00e9e ci-apr\u00e8s La Communaut\u00e9), est constitu\u00e9e d&#8217;une association oecum\u00e9nique ind\u00e9pendante ouverte \u00e0 tous ceux qui croient en J\u00e9sus Christ, apolitique et \u00e0 but non lucratif, conform\u00e9ment aux art. 60 et [&hellip;]<\/p>\n","protected":false},"author":1,"featured_media":0,"parent":1133,"menu_order":0,"comment_status":"closed","ping_status":"open","template":"","meta":{"footnotes":""},"class_list":["post-1137","page","type-page","status-publish","hentry","ctfw-no-image"],"_links":{"self":[{"href":"http:\/\/www.fkmsm.ch\/labo\/wordpress\/wp-json\/wp\/v2\/pages\/1137","targetHints":{"allow":["GET"]}}],"collection":[{"href":"http:\/\/www.fkmsm.ch\/labo\/wordpress\/wp-json\/wp\/v2\/pages"}],"about":[{"href":"http:\/\/www.fkmsm.ch\/labo\/wordpress\/wp-json\/wp\/v2\/types\/page"}],"author":[{"embeddable":true,"href":"http:\/\/www.fkmsm.ch\/labo\/wordpress\/wp-json\/wp\/v2\/users\/1"}],"replies":[{"embeddable":true,"href":"http:\/\/www.fkmsm.ch\/labo\/wordpress\/wp-json\/wp\/v2\/comments?post=1137"}],"version-history":[{"count":5,"href":"http:\/\/www.fkmsm.ch\/labo\/wordpress\/wp-json\/wp\/v2\/pages\/1137\/revisions"}],"predecessor-version":[{"id":1206,"href":"http:\/\/www.fkmsm.ch\/labo\/wordpress\/wp-json\/wp\/v2\/pages\/1137\/revisions\/1206"}],"up":[{"embeddable":true,"href":"http:\/\/www.fkmsm.ch\/labo\/wordpress\/wp-json\/wp\/v2\/pages\/1133"}],"wp:attachment":[{"href":"http:\/\/www.fkmsm.ch\/labo\/wordpress\/wp-json\/wp\/v2\/media?parent=1137"}],"curies":[{"name":"wp","href":"https:\/\/api.w.org\/{rel}","templated":true}]}}

<p align="center"><strong>Pour des raisons administratives, </strong><strong>l&#8217;E.C.M.S.E.</strong><strong> porte un statut d&#8217;association en Suisse.</strong></p>
<p><strong>ART. 1. NOM</strong><br />
Sous le nom de <strong><em>Communauté Chrétienne Malagasy En Suisse et Environs</em></strong> (appelée ci-après La Communauté), est constituée d&#8217;une association oecuménique indépendante ouverte à tous ceux qui croient en Jésus Christ, apolitique et à but non lucratif, conformément aux art. 60 et suivants du code Civil Suisse.</p>
<p><strong>ART. 2. BUTS</strong><br />
Son but est d&#8217;assurer le rassemblement des Malgaches et leurs amis résidant en suisse et aux environs pour la célébration de culte chrétien, la communion fraternelle et l&#8217;organisation d&#8217;activités religieuses et culturelles.</p>
<p><strong>ART. 3. SIÈGE</strong><br />
Le siège de la Communauté est à Genève. Sa durée est illimitée.</p>
<p><strong>ART. 4. MEMBRES</strong><br />
Pour devenir membre de la Communauté toute personne qui accepte le but de la Communauté et reconnaît les présents statuts.</p>
<p><strong>ART. 5 ORGANE</strong><br />
Les organes de la Communauté sont: l&#8217;Assemblée Générale et le Comité.</p>
<ul>
<li>
		<strong>5.1. L’Assemblée Générale</strong><br />
L&#8217;Assemblée Générale est l&#8217;organe suprême de l&#8217;Association,</p>
<p>a) Convocation<br />
Les membres sont convoqués une fois par an par le Comité en Assemblée Générale ordinaire.<br />
En cas de nécessité, le comité peut convoquer une Assemblée Générale extraordinaire.<br />
Vingt cinq membres peuvent, au besoin, exiger la convocation d&#8217;une Assemblée Générale extraordinaire.<br />
Toute convocation doit être adressée dans un délai minimum de dix jours et doit être accompagnée de l&#8217;ordre du jour de l&#8217;assemblée concernée.</p>
<p>b) Validité<br />
L&#8217;Assemblée Générale siège valablement si vingt cinq membres sont réunis.<br />
Si ce quorum n&#8217;est pas atteint, une nouvelle assemblée générale est convoquée, qui siège valablement, quel que soit le nombre des membres présents.</p>
<p>c) Compétences<br />
L&#8217;Assemblée Générale décide du Règlement Inté­rieur de la Communauté, sur proposition du Comité.<br />
Elle élit, à la majorité absolue, le (la) président(e) et les autres membres, du Comité ainsi que leurs suppléants.<br />
S’il n&#8217;y a pas de candidats, au moins deux, pour la présidence, l&#8217;assemblée élit le nouveau comité et c&#8217;est ce dernier qui nomme, lors de sa première réunion, le bureau composé du (de la) président(e), du (de la) vice-président(e), du (de la) secrétaire-générale et du (de la) trésorier(e).<em> </em>[approuvé par l’assemblée le 2 décembre 2001]<br />
Elle élit deux vérificateurs(trices) des Comptes.<br />
Elle reçoit les Rapports sur la bonne marche de la Communauté.<br />
Elle approuve les Comptes et le Bilan de la Commu­nauté.<br />
Elle se prononce sur les autres points de l&#8217;ordre du jour.
	</li>
<li><strong>5.2. Le Comité</strong><br />
Le Comité se compose d&#8217;au moins cinq membres, élus pour deux ans, immédiatement rééligibles.<br />
En cas de démission d&#8217;un membre du Comité, il est fait appel à son suppléant jusqu&#8217;à la prochaine Assemblée Générale.<br />
Sitôt après leur élection, les membres du comité se répartissent entre eux les tâches à assurer et désignent à cet effet: les Vice-président(e)s, le (la) Secrétaire et le (la) Trésorier(ère) de la Communauté et leurs éventuels suppléants.<br />
Sous réserve des prérogatives qui sont celles de l&#8217;Assemblée Générale, le comité veille à la bonne mar­che de la Communauté.<br />
Il veille à l&#8217;application et au respect du Règlement intérieur.<br />
Il propose le programme annuel.<br />
Il gère les biens de la Communauté.<br />
Il prépare et convoque l&#8217;Assemblée Générale.<br />
Il conserve les Archives de la Communauté.<br />

        </li>
<li>
<strong>5.3. Le (la) Président(e) </strong><br />
Le (la) Président(e):<br />
&#8211; préside l&#8217;Assemblée Générale annuelle<br />
&#8211; préside les réunions du Comité<br />
&#8211; représente la Communauté dans ses relations avec des tiers.</li>
</ul>
<p><strong>ART. 6. ENGAGEMENTS FINANCIERS</strong><br />
La Communauté est engagée financièrement par les signatures conjointes du (de la) Trésorier(e) et du (de la) Président(e) ou d&#8217;un(e) des Vice-président(e)s.</p>
<p><strong>ART. 7. RESSOURCES </strong><br />
Les ressources de la Communauté se composent des dons, legs, collectes et produits des manifestations.</p>
<p><strong>ART. 8. RÉVISION DES STATUTS ET DISSOLUTION </strong><br />
Toute révision des statuts ou décision de dissolution requiert la majorité des deux tiers des présents, lors de deux assemblées séparées par un délai d&#8217;au moins un mois.<br />
En cas de dissolution, les biens de l&#8217;Association sont attribués à une institution ou une oeuvre désignée par la dernière Assemblée Générale.</p>
<p><strong>ART. 8. RÈGLEMENT INTÉRIEUR </strong><br />
Un Règlement Intérieur précisera les modalités d&#8217;application des présents statuts.</p>

<p>Pour des raisons administratives, l&#8217;E.C.M.S.E. porte un statut d&#8217;association en Suisse. ART. 1. NOM Sous le nom de Communauté Chrétienne Malagasy En Suisse et Environs (appelée ci-après La Communauté), est constituée d&#8217;une association oecuménique indépendante ouverte à tous ceux qui croient en Jésus Christ, apolitique et à but non lucratif, conformément aux art. 60 et [&hellip;]</p>
