{"id":2160,"date":"2020-01-17T10:38:41","date_gmt":"2020-01-17T09:38:41","guid":{"rendered":"http:\/\/www.fkmsm.ch\/labo\/wordpress\/?post_type=ctc_event&#038;p=2160"},"modified":"2020-01-17T10:38:42","modified_gmt":"2020-01-17T09:38:42","slug":"celebration-oecumenique-sous-le-theme-de-lunite-chretienne-26-janvier-2020-1400-annemasse","status":"publish","type":"ctc_event","link":"http:\/\/www.fkmsm.ch\/labo\/wordpress\/events\/celebration-oecumenique-sous-le-theme-de-lunite-chretienne-26-janvier-2020-1400-annemasse","title":{"rendered":"C\u00e9l\u00e9bration \u0153cum\u00e9nique sous le th\u00e8me de l\u2019Unit\u00e9 chr\u00e9tienne, 26 janvier 2020, 14:00, Annemasse"},"content":{"rendered":"<p><br>\n<!--StartFragment--><\/p>\n\n\n<p>Nous vous invitons \u00e0 une c\u00e9l\u00e9bration \u0153cum\u00e9nique <strong> sous le th\u00e8me de l\u2019Unit\u00e9 chr\u00e9tienne<\/strong> avec la participation des 9 communaut\u00e9s chr\u00e9tiennes malgaches en Suisse et aux environs <br> (<strong>Adv. Collonge, Adv. St Julien,<\/strong> <strong>AMES, CCMG<\/strong>, <strong>FJKM-Gland, FLME, FKMSM, Fiara-mivavaka BEJUNE, <\/strong> <strong>FPMA-Annemasse<\/strong>, <strong>FPTM) <\/strong>.<\/p>\n\n\n\n<p> <strong>le dimanche 26 janvier 2020 \u00e0 14h \u00e0 l\u2019\u00c9glise Saint-Joseph 27, avenue Jules Ferry, 74100 Annemasse<\/strong><\/p>\n\n\n\n<p>Apr\u00e8s le culte, une collation sera offerte.<\/p>\n\n\n\n<p>En esp\u00e9rant vous rencontrer, nous vous transmettons nos salutations en Christ notre sauveur.<br><em>&#8220;C&#8217;est ici la journ\u00e9e que l\u2019\u00c9ternel a faite: Qu&#8217;elle soit pour nous un sujet d&#8217;all\u00e9gresse et de joie!&#8221;Psaume 118:24<\/em><\/p>\n\n\n<p><!--EndFragment--><br>\n<br>\n<\/p>","protected":false},"excerpt":{"rendered":"<p>Nous vous invitons \u00e0 une c\u00e9l\u00e9bration \u0153cum\u00e9nique sous le th\u00e8me de l\u2019Unit\u00e9 chr\u00e9tienne avec la participation des 9 communaut\u00e9s chr\u00e9tiennes malgaches en Suisse et aux environs (Adv. Collonge, Adv. St Julien, AMES, CCMG, FJKM-Gland, FLME, FKMSM, Fiara-mivavaka BEJUNE, FPMA-Annemasse, FPTM) . le dimanche 26 janvier 2020 \u00e0 14h \u00e0 l\u2019\u00c9glise Saint-Joseph 27, avenue Jules Ferry, [&hellip;]<\/p>\n","protected":false},"author":2,"featured_media":0,"comment_status":"open","ping_status":"closed","template":"","ctc_event_category":[],"class_list":["post-2160","ctc_event","type-ctc_event","status-publish","hentry","ctfw-no-image"],"_links":{"self":[{"href":"http:\/\/www.fkmsm.ch\/labo\/wordpress\/wp-json\/wp\/v2\/ctc_event\/2160","targetHints":{"allow":["GET"]}}],"collection":[{"href":"http:\/\/www.fkmsm.ch\/labo\/wordpress\/wp-json\/wp\/v2\/ctc_event"}],"about":[{"href":"http:\/\/www.fkmsm.ch\/labo\/wordpress\/wp-json\/wp\/v2\/types\/ctc_event"}],"author":[{"embeddable":true,"href":"http:\/\/www.fkmsm.ch\/labo\/wordpress\/wp-json\/wp\/v2\/users\/2"}],"replies":[{"embeddable":true,"href":"http:\/\/www.fkmsm.ch\/labo\/wordpress\/wp-json\/wp\/v2\/comments?post=2160"}],"version-history":[{"count":1,"href":"http:\/\/www.fkmsm.ch\/labo\/wordpress\/wp-json\/wp\/v2\/ctc_event\/2160\/revisions"}],"predecessor-version":[{"id":2161,"href":"http:\/\/www.fkmsm.ch\/labo\/wordpress\/wp-json\/wp\/v2\/ctc_event\/2160\/revisions\/2161"}],"wp:attachment":[{"href":"http:\/\/www.fkmsm.ch\/labo\/wordpress\/wp-json\/wp\/v2\/media?parent=2160"}],"wp:term":[{"taxonomy":"ctc_event_category","embeddable":true,"href":"http:\/\/www.fkmsm.ch\/labo\/wordpress\/wp-json\/wp\/v2\/ctc_event_category?post=2160"}],"curies":[{"name":"wp","href":"https:\/\/api.w.org\/{rel}","templated":true}]}}

Célébration œcuménique sous le thème de l’Unité chrétienne, 26 janvier 2020, 14:00, Annemasse

<p><br>
<!--StartFragment--></p>


<p>Nous vous invitons à une célébration œcuménique <strong> sous le thème de l’Unité chrétienne</strong> avec la participation des 9 communautés chrétiennes malgaches en Suisse et aux environs <br> (<strong>Adv. Collonge, Adv. St Julien,</strong> <strong>AMES, CCMG</strong>, <strong>FJKM-Gland, FLME, FKMSM, Fiara-mivavaka BEJUNE, </strong> <strong>FPMA-Annemasse</strong>, <strong>FPTM) </strong>.</p>



<p> <strong>le dimanche 26 janvier 2020 à 14h à l’Église Saint-Joseph 27, avenue Jules Ferry, 74100 Annemasse</strong></p>



<p>Après le culte, une collation sera offerte.</p>



<p>En espérant vous rencontrer, nous vous transmettons nos salutations en Christ notre sauveur.<br><em>&#8220;C&#8217;est ici la journée que l’Éternel a faite: Qu&#8217;elle soit pour nous un sujet d&#8217;allégresse et de joie!&#8221;Psaume 118:24</em></p>


<p><!--EndFragment--><br>
<br>
</p>

<p>Nous vous invitons à une célébration œcuménique sous le thème de l’Unité chrétienne avec la participation des 9 communautés chrétiennes malgaches en Suisse et aux environs (Adv. Collonge, Adv. St Julien, AMES, CCMG, FJKM-Gland, FLME, FKMSM, Fiara-mivavaka BEJUNE, FPMA-Annemasse, FPTM) . le dimanche 26 janvier 2020 à 14h à l’Église Saint-Joseph 27, avenue Jules Ferry, [&hellip;]</p>
